{"id":17,"date":"2008-12-21T20:52:42","date_gmt":"2008-12-21T19:52:42","guid":{"rendered":"http:\/\/www.peter-gogolin.de\/?page_id=17"},"modified":"2022-12-27T20:41:46","modified_gmt":"2022-12-27T19:41:46","slug":"impressum","status":"publish","type":"page","link":"https:\/\/www.peter-gogolin.de\/?page_id=17","title":{"rendered":"Impressum"},"content":{"rendered":"<p><strong>V.i.S.d.P f\u00fcr diese Website:<\/strong><\/p>\n<p>Peter H.E. Gogolin<br \/>c\/o Kulturmaschinen Verlag<br \/>B\u00fcro Freiburg<br \/>Schwimmbadstr. 14<br \/>D 79100 Freiburg i. Breisgau<\/p>\n<p>Telefon: ++49 171 688 56 15<\/p>\n<p>Email: info(at)kulturmaschinen.com<\/p>\n<div class=\"entry-content\">\n<h4>Datenschutzerkl\u00e4rung<\/h4>\n<p>Diese Datenschutzerkl\u00e4rung kl\u00e4rt Sie \u00fcber die Art, den Umfang und Zweck der Verarbeitung von personenbezogenen Daten (nachfolgend kurz \u00bbDaten\u00ab) innerhalb unseres Onlineangebotes und der mit ihm verbundenen Webseiten, Funktionen und Inhalte sowie externen Onlinepr\u00e4senzen, wie z.B. unser Social Media Profile auf.\u00a0 Im Hinblick auf die verwendeten Begrifflichkeiten, wie z.B. \u00bbVerarbeitung\u00ab oder \u00bbVerantwortlicher\u00ab verweisen wir auf die Definitionen im Art. 4 der Datenschutzgrundverordnung (DSGVO).<\/p>\n<p><strong>Die Webseite Peter H. E. Gogolins <a href=\"http:\/\/www.peter-gogolin.de\">LOGBUCH<\/a><\/strong> ist als privater literarische Weblog\u00a0 ein nicht-kommerzielles, k\u00fcnstlerisches Informations- und Mitlese-Angebot.\u00a0\u00a0Auf dieser Website besteht KEINE M\u00f6glichkeit zur Eingabe pers\u00f6nlicher oder gesch\u00e4ftlicher Daten (Emailadressen, Namen, Anschriften oder Kommentare).<\/p>\n<p>Die Nutzung der im Rahmen des Impressums oder vergleichbarer Angaben ver\u00f6ffentlichten Kontaktdaten wie Postanschriften, Telefon- und Faxnummern sowie Emailadressen durch Dritte zur \u00dcbersendung von nicht ausdr\u00fccklich angeforderten Informationen ist NICHT gestattet. Rechtliche Schritte gegen die Versender von sogenannten Spam-Mails bei Verst\u00f6\u00dfen gegen dieses Verbot sind ausdr\u00fccklich vorbehalten.<\/p>\n<p>FACEBOOK-Plugins oder Plugins von anderen Anbietern werden vom LOGBUCH Betreiber NICHT genutzt.<\/p>\n<p>Auf Daten, die vom Internet-Service-Anbieter <a href=\"http:\/\/www.strato.de\" target=\"_blank\" rel=\"noopener noreferrer\">STRATO<\/a>, gespeichert und verarbeitet werden, hat der Betreiber der Seite LOGBUCH keinen Einfluss. N\u00e4here Informationen zur Erhebung und Nutzung der Daten durch STRATO, Ihre diesbez\u00fcglichen Rechte und M\u00f6glichkeiten zum Schutz Ihrer Privatsph\u00e4re finden Sie in den Datenschutzhinweisen von STRATO.<\/p>\n<p>Die Rechtslage macht folgenden Hinweis notwendig: Das LOGBUCH hat keinerlei Einfluss auf die Gestaltung und die Inhalte der verlinkten externen Seiten. Das LOGBUCH distanziert sich daher ausdr\u00fccklich von allen Inhalten aller verlinkten externen Seiten und \u00fcbernimmt keinerlei Haftung f\u00fcr die Inhalte der Seiten, auf die von dieser Site aus verwiesen wird.<\/p>\n<p>Es wird entsprechend \u00a728 Abs. 4 Bundesdatenschutzgesetz (BDSG) ausdr\u00fccklich der in \u00a728 Abs. 3 BDSG definierten Nutzung meiner Daten und der Daten Dritter f\u00fcr Werbezwecke oder f\u00fcr die Markt- und Meinungsforschung widersprochen.<\/p>\n<p>Spam jeglicher Art wird ohne jede Ausnahme umgehend r\u00fcckstandsfrei entsorgt.<\/p>\n<\/div>\n<p><strong style=\"color: #000000;\">Nutzungsbedingungen f\u00fcr diese Website:<\/strong><\/p>\n<p><strong>1. Haftungsausschluss<\/strong><br \/>Der Autor \u00fcbernimmt keinerlei Gew\u00e4hr f\u00fcr die Aktualit\u00e4t, Korrektheit oder Vollst\u00e4ndigkeit der auf dieser Website bereitgestellten Informationen. Haftungsanspr\u00fcche gegen den Autor, welche sich auf Sch\u00e4den materieller oder ideeller Art beziehen, die durch die Nutzung oder Nichtnutzung der dargebotenen Informationen bzw. durch die Nutzung fehlerhafter und unvollst\u00e4ndiger Informationen entstanden sind, sind grunds\u00e4tzlich ausgeschlossen, es sei denn, dem Autor kann vors\u00e4tzliches oder grob fahrl\u00e4ssiges Verschulden nachgewiesen werden.<\/p>\n<p><strong>2. Verf\u00fcgbarkeit<\/strong><br \/>Der Autor beh\u00e4lt es sich ausdr\u00fccklich vor, Teile der Seiten oder das gesamte Angebot ohne gesonderte Ank\u00fcndigung zu ver\u00e4ndern, zu erg\u00e4nzen, zu l\u00f6schen oder die Ver\u00f6ffentlichung zeitweise oder endg\u00fcltig einzustellen.<\/p>\n<p><strong>3. Verweise und Links<\/strong><br \/>F\u00fcr Links auf fremde Webseiten, die au\u00dferhalb des Verantwortungsbereiches des Autors liegen, w\u00fcrde eine Haftungsverpflichtung ausschlie\u00dflich in dem Fall in Kraft treten, in dem der Autor von den Inhalten Kenntnis hat und es ihm technisch m\u00f6glich und zumutbar w\u00e4re, die Nutzung im Falle rechtswidriger Inhalte zu verhindern.<br \/>Der Autor erkl\u00e4rt hiermit ausdr\u00fccklich, dass zum Zeitpunkt der Linksetzung keine illegalen Inhalte auf den zu verlinkenden Seiten erkennbar waren. Auf die aktuelle und zuk\u00fcnftige Gestaltung, die Inhalte oder die Urheberschaft der verlinkten Seiten hat der Autor keinerlei Einfluss. Deshalb distanziert er sich hiermit ausdr\u00fccklich von allen Inhalten aller verlinkten Seiten, die nach der Linksetzung ver\u00e4ndert wurden. Diese Feststellung gilt sowohl f\u00fcr alle innerhalb dieser Website gesetzten Links als auch f\u00fcr sonstige Hinweise auf fremde Webseiten. F\u00fcr illegale, fehlerhafte oder unvollst\u00e4ndige Inhalte und insbesondere f\u00fcr Sch\u00e4den, die aus der Nutzung oder Nichtnutzung solcherart dargebotener Informationen entstehen, haftet allein der Anbieter der Seite, auf welche verwiesen wurde, nicht derjenige, der \u00fcber Links auf die jeweilige Ver\u00f6ffentlichung lediglich verweist.<\/p>\n<p><strong>4. Urheberrecht<\/strong><br \/>Der Autor ist bestrebt, auf dieser Website die Urheberrechte der verwendeten Bilder, Grafiken und Texte zu beachten, von ihm selbst erstellte Bilder, Grafiken und Texte zu nutzen oder auf lizenzfreie Grafiken und Texte zur\u00fcckzugreifen.<br \/>Alle innerhalb des Internetangebotes genannten und ggf. durch Dritte gesch\u00fctzten Marken- und Warenzeichen unterliegen uneingeschr\u00e4nkt den Bestimmungen des jeweils g\u00fcltigen Kennzeichenrechts und den Besitzrechten der jeweiligen eingetragenen Eigent\u00fcmer. Die blo\u00dfe Nennung eines Markenzeichens erlaubt nicht den Schluss, dass es frei von Rechten Dritter ist.<br \/>Das Copyright f\u00fcr ver\u00f6ffentlichte, vom Autor selbst erstellte Objekte bleibt allein beim Autor der Seiten. Eine Vervielf\u00e4ltigung oder Verwendung solcher Grafiken und Texte in anderen elektronischen oder gedruckten Publikationen ist ohne ausdr\u00fcckliche schriftliche Zustimmung des Autors nicht gestattet.<\/p>\n<p>Eigenm\u00e4chtige Ver\u00e4nderungen von Inhalten oder Gestaltung dieser Website oder Einflussnahme auf die Erreichbarkeit oder Verf\u00fcgbarkeit dieser Website sind nicht gestattet, auch nicht durch Dritte, die ihre Rechte durch Inhalte oder Gestaltung dieser Website verletzt sehen. Sollte Inhalt oder Aufmachung dieser Website die Rechte Dritter oder gesetzliche Bestimmungen verletzen, wird um eine entsprechende Nachricht ohne Kostennote gebeten. Der Autor sichert zu, zu Recht beanstandete Passagen unverz\u00fcglich zu entfernen, ohne dass von Seite des Rechteinhabers die Einschaltung eines Rechtsbeistandes erforderlich ist. Ohne vorherige Kontaktaufnahme ausgel\u00f6ste Kosten werden vollumf\u00e4nglich zur\u00fcckgewiesen, wobei der Autor sich vorbeh\u00e4lt, Gegenklage wegen Verletzung vorgenannter Bestimmungen zu erheben.<\/p>\n<p><strong>5. Keine Abmahnung ohne vorherigen Kontakt!<\/strong><br \/>F\u00fcr den Fall, dass auf dieser Webseite m\u00f6glicherweise Schutzrechte verletzt werden, d. h. gegen fremde Marken- oder Urheberrechte versto\u00dfen wird, werden Sie gebeten,\u00a0 uns dies umgehend per E-Mail mitzuteilen. Es wird dann sofort die beanstandete Passage gel\u00f6scht oder abge\u00e4ndert werden.<\/p>\n<p>Eine anwaltliche Abmahnung zur Beanstandung der Schutzrechtsverletzung ist nicht notwendig und die damit verbundenen Kosten werden von uns nicht erstattet. Auf Grund der zuvor gemachten Zusage besteht keine Veranlassung, mit Hilfe eines Anwalts die Verletzung fremder Rechte zu r\u00fcgen. Es fehlt an einem entsprechenden Rechtsschutzbed\u00fcrfnis.<br \/>Sollte dennoch ohne vorherige Kontaktaufnahme eine anwaltliche Abmahnung erfolgen, haben Sie die damit verbundenen Kosten allein zu tragen. Wir bitten um Beachtung. (Quelle: SnakeNetwork | Rechtsanwalt Rohmeyer)<\/p>\n<p><strong>6. Rechtswirksamkeit dieser Nutzungsbedingungen<\/strong><br \/>Diese Nutzungsbedingungen gelten f\u00fcr die gesamte Website, von der diese Seite ein Teil ist. Sofern Teile oder einzelne Formulierungen dieses Textes der geltenden Rechtslage nicht, nicht mehr oder nicht vollst\u00e4ndig entsprechen sollten, bleiben die \u00fcbrigen Teile des Dokumentes in ihrem Inhalt und ihrer G\u00fcltigkeit davon unber\u00fchrt.<\/p>\n\n\n<p class=\"wp-block-paragraph\"><\/p>\n","protected":false},"excerpt":{"rendered":"<p>V.i.S.d.P f\u00fcr diese Website: Peter H.E. Gogolinc\/o Kulturmaschinen VerlagB\u00fcro FreiburgSchwimmbadstr. 14D 79100 Freiburg i. Breisgau Telefon: ++49 171 688 56 15 Email: info(at)kulturmaschinen.com Datenschutzerkl\u00e4rung Diese Datenschutzerkl\u00e4rung kl\u00e4rt Sie \u00fcber die Art, den Umfang und Zweck der Verarbeitung von personenbezogenen Daten (nachfolgend kurz \u00bbDaten\u00ab) innerhalb unseres Onlineangebotes und der mit ihm verbundenen Webseiten, Funktionen und Inhalte sowie externen Onlinepr\u00e4senzen, wie z.B. unser Social Media Profile auf.\u00a0 Im Hinblick auf die verwendeten Begrifflichkeiten, wie z.B. \u00bbVerarbeitung\u00ab oder \u00bbVerantwortlicher\u00ab verweisen wir auf die Definitionen im Art. 4 der Datenschutzgrundverordnung (DSGVO). Die Webseite Peter H. E. Gogolins LOGBUCH ist als privater literarische Weblog\u00a0 ein nicht-kommerzielles, k\u00fcnstlerisches Informations- und Mitlese-Angebot.\u00a0\u00a0Auf dieser Website besteht KEINE M\u00f6glichkeit zur Eingabe pers\u00f6nlicher oder gesch\u00e4ftlicher Daten (Emailadressen, Namen, Anschriften oder Kommentare). Die Nutzung der im Rahmen des Impressums oder vergleichbarer Angaben ver\u00f6ffentlichten Kontaktdaten wie Postanschriften, Telefon- und Faxnummern sowie Emailadressen durch Dritte zur \u00dcbersendung von nicht ausdr\u00fccklich angeforderten Informationen ist NICHT gestattet. Rechtliche Schritte gegen die Versender von sogenannten Spam-Mails bei Verst\u00f6\u00dfen gegen dieses Verbot sind ausdr\u00fccklich vorbehalten. FACEBOOK-Plugins oder Plugins von anderen Anbietern werden vom LOGBUCH Betreiber NICHT genutzt. Auf Daten, die vom Internet-Service-Anbieter STRATO, gespeichert und verarbeitet werden, hat der Betreiber der Seite LOGBUCH keinen Einfluss. N\u00e4here Informationen zur Erhebung und Nutzung der Daten durch STRATO, Ihre diesbez\u00fcglichen Rechte und M\u00f6glichkeiten zum Schutz Ihrer Privatsph\u00e4re finden Sie in den Datenschutzhinweisen von STRATO. Die Rechtslage macht folgenden Hinweis notwendig: Das LOGBUCH hat keinerlei Einfluss auf die Gestaltung und die Inhalte der verlinkten externen Seiten. Das LOGBUCH distanziert sich daher ausdr\u00fccklich von allen Inhalten aller verlinkten externen Seiten und \u00fcbernimmt keinerlei Haftung f\u00fcr die Inhalte der Seiten, auf die von dieser Site aus verwiesen wird. Es wird entsprechend \u00a728 Abs. 4 Bundesdatenschutzgesetz (BDSG) ausdr\u00fccklich der in \u00a728 Abs. 3 BDSG definierten Nutzung meiner Daten und der Daten Dritter f\u00fcr Werbezwecke oder f\u00fcr die Markt- und Meinungsforschung widersprochen. Spam jeglicher Art wird ohne jede Ausnahme umgehend r\u00fcckstandsfrei entsorgt. Nutzungsbedingungen f\u00fcr diese Website: 1. HaftungsausschlussDer Autor \u00fcbernimmt keinerlei Gew\u00e4hr f\u00fcr die Aktualit\u00e4t, Korrektheit oder Vollst\u00e4ndigkeit der auf dieser Website bereitgestellten Informationen. Haftungsanspr\u00fcche gegen den Autor, welche sich auf Sch\u00e4den materieller oder ideeller Art beziehen, die durch die Nutzung oder Nichtnutzung der dargebotenen Informationen bzw. durch die Nutzung fehlerhafter und unvollst\u00e4ndiger Informationen entstanden sind, sind grunds\u00e4tzlich ausgeschlossen, es sei denn, dem Autor kann vors\u00e4tzliches oder grob fahrl\u00e4ssiges Verschulden nachgewiesen werden. 2. Verf\u00fcgbarkeitDer Autor beh\u00e4lt es sich ausdr\u00fccklich vor, Teile der Seiten oder das gesamte Angebot ohne gesonderte Ank\u00fcndigung zu ver\u00e4ndern, zu erg\u00e4nzen, zu l\u00f6schen oder die Ver\u00f6ffentlichung zeitweise oder endg\u00fcltig einzustellen. 3. Verweise und LinksF\u00fcr Links auf fremde Webseiten, die au\u00dferhalb des Verantwortungsbereiches des Autors liegen, w\u00fcrde eine Haftungsverpflichtung ausschlie\u00dflich in dem Fall in Kraft treten, in dem der Autor von den Inhalten Kenntnis hat und es ihm technisch m\u00f6glich und zumutbar w\u00e4re, die Nutzung im Falle rechtswidriger Inhalte zu verhindern.Der Autor erkl\u00e4rt hiermit ausdr\u00fccklich, dass zum Zeitpunkt der Linksetzung keine illegalen Inhalte auf den zu verlinkenden Seiten erkennbar waren. Auf die aktuelle und zuk\u00fcnftige Gestaltung, die Inhalte oder die Urheberschaft der verlinkten Seiten hat der Autor keinerlei Einfluss. Deshalb distanziert er sich hiermit ausdr\u00fccklich von allen Inhalten aller verlinkten Seiten, die nach der Linksetzung ver\u00e4ndert wurden. Diese Feststellung gilt sowohl f\u00fcr alle innerhalb dieser Website gesetzten Links als auch f\u00fcr sonstige Hinweise auf fremde Webseiten. F\u00fcr illegale, fehlerhafte oder unvollst\u00e4ndige Inhalte und insbesondere f\u00fcr Sch\u00e4den, die aus der Nutzung oder Nichtnutzung solcherart dargebotener Informationen entstehen, haftet allein der Anbieter der Seite, auf welche verwiesen wurde, nicht derjenige, der \u00fcber Links auf die jeweilige Ver\u00f6ffentlichung lediglich verweist. 4. UrheberrechtDer Autor ist bestrebt, auf dieser Website die Urheberrechte der verwendeten Bilder, Grafiken und Texte zu beachten, von ihm selbst erstellte Bilder, Grafiken und Texte zu nutzen oder auf lizenzfreie Grafiken und Texte zur\u00fcckzugreifen.Alle innerhalb des Internetangebotes genannten und ggf. durch Dritte gesch\u00fctzten Marken- und Warenzeichen unterliegen uneingeschr\u00e4nkt den Bestimmungen des jeweils g\u00fcltigen Kennzeichenrechts und den Besitzrechten der jeweiligen eingetragenen Eigent\u00fcmer. Die blo\u00dfe Nennung eines Markenzeichens erlaubt nicht den Schluss, dass es frei von Rechten Dritter ist.Das Copyright f\u00fcr ver\u00f6ffentlichte, vom Autor selbst erstellte Objekte bleibt allein beim Autor der Seiten. Eine Vervielf\u00e4ltigung oder Verwendung solcher Grafiken und Texte in anderen elektronischen oder gedruckten Publikationen ist ohne ausdr\u00fcckliche schriftliche Zustimmung des Autors nicht gestattet. Eigenm\u00e4chtige Ver\u00e4nderungen von Inhalten oder Gestaltung dieser Website oder Einflussnahme auf die Erreichbarkeit oder Verf\u00fcgbarkeit dieser Website sind nicht gestattet, auch nicht durch Dritte, die ihre Rechte durch Inhalte oder Gestaltung dieser Website verletzt sehen. Sollte Inhalt oder Aufmachung dieser Website die Rechte Dritter oder gesetzliche Bestimmungen verletzen, wird um eine entsprechende Nachricht ohne Kostennote gebeten. Der Autor sichert zu, zu Recht beanstandete Passagen unverz\u00fcglich zu entfernen, ohne dass von Seite des Rechteinhabers die Einschaltung eines Rechtsbeistandes erforderlich ist. Ohne vorherige Kontaktaufnahme ausgel\u00f6ste Kosten werden vollumf\u00e4nglich zur\u00fcckgewiesen, wobei der Autor sich vorbeh\u00e4lt, Gegenklage wegen Verletzung vorgenannter Bestimmungen zu erheben. 5. Keine Abmahnung ohne vorherigen Kontakt!F\u00fcr den Fall, dass auf dieser Webseite m\u00f6glicherweise Schutzrechte verletzt werden, d. h. gegen fremde Marken- oder Urheberrechte versto\u00dfen wird, werden Sie gebeten,\u00a0 uns dies umgehend per E-Mail mitzuteilen. Es wird dann sofort die beanstandete Passage gel\u00f6scht oder abge\u00e4ndert werden. Eine anwaltliche Abmahnung zur Beanstandung der Schutzrechtsverletzung ist nicht notwendig und die damit verbundenen Kosten werden von uns nicht erstattet. Auf Grund der zuvor gemachten Zusage besteht keine Veranlassung, mit Hilfe eines Anwalts die Verletzung fremder Rechte zu r\u00fcgen. Es fehlt an einem entsprechenden Rechtsschutzbed\u00fcrfnis.Sollte dennoch ohne vorherige Kontaktaufnahme eine anwaltliche Abmahnung erfolgen, haben Sie die damit verbundenen Kosten allein zu tragen. Wir bitten um Beachtung. (Quelle: SnakeNetwork | Rechtsanwalt Rohmeyer) 6. Rechtswirksamkeit dieser NutzungsbedingungenDiese Nutzungsbedingungen gelten f\u00fcr die gesamte Website, von der diese Seite ein Teil ist. Sofern Teile oder einzelne Formulierungen dieses Textes der geltenden Rechtslage nicht, nicht mehr oder nicht vollst\u00e4ndig entsprechen sollten, bleiben die \u00fcbrigen Teile des Dokumentes in ihrem Inhalt und ihrer G\u00fcltigkeit davon unber\u00fchrt.<\/p>\n","protected":false},"author":1,"featured_media":0,"parent":0,"menu_order":7,"comment_status":"closed","ping_status":"closed","template":"","meta":{"_crdt_document":"","footnotes":""},"class_list":["post-17","page","type-page","status-publish","hentry"],"_links":{"self":[{"href":"https:\/\/www.peter-gogolin.de\/index.php?rest_route=\/wp\/v2\/pages\/17","targetHints":{"allow":["GET"]}}],"collection":[{"href":"https:\/\/www.peter-gogolin.de\/index.php?rest_route=\/wp\/v2\/pages"}],"about":[{"href":"https:\/\/www.peter-gogolin.de\/index.php?rest_route=\/wp\/v2\/types\/page"}],"author":[{"embeddable":true,"href":"https:\/\/www.peter-gogolin.de\/index.php?rest_route=\/wp\/v2\/users\/1"}],"replies":[{"embeddable":true,"href":"https:\/\/www.peter-gogolin.de\/index.php?rest_route=%2Fwp%2Fv2%2Fcomments&post=17"}],"version-history":[{"count":29,"href":"https:\/\/www.peter-gogolin.de\/index.php?rest_route=\/wp\/v2\/pages\/17\/revisions"}],"predecessor-version":[{"id":8134,"href":"https:\/\/www.peter-gogolin.de\/index.php?rest_route=\/wp\/v2\/pages\/17\/revisions\/8134"}],"wp:attachment":[{"href":"https:\/\/www.peter-gogolin.de\/index.php?rest_route=%2Fwp%2Fv2%2Fmedia&parent=17"}],"curies":[{"name":"wp","href":"https:\/\/api.w.org\/{rel}","templated":true}]}}